{"id":6263,"date":"2025-02-28T11:03:55","date_gmt":"2025-02-28T11:03:55","guid":{"rendered":"https:\/\/nationaalonderduikmuseum.nl\/programma-vrijheid\/magazin-ode-an-die-freiheit\/"},"modified":"2026-04-05T15:30:50","modified_gmt":"2026-04-05T15:30:50","slug":"magazin-ode-an-die-freiheit","status":"publish","type":"page","link":"https:\/\/nationaalonderduikmuseum.nl\/de\/programma-vrijheid\/magazin-ode-an-die-freiheit\/","title":{"rendered":"Magazin Ode an die Freiheit"},"content":{"rendered":"<p><div class=\"fusion-fullwidth fullwidth-box fusion-builder-row-1 fusion-flex-container has-pattern-background has-mask-background nonhundred-percent-fullwidth non-hundred-percent-height-scrolling\" style=\"--awb-border-radius-top-left:0px;--awb-border-radius-top-right:0px;--awb-border-radius-bottom-right:0px;--awb-border-radius-bottom-left:0px;--awb-padding-top:0px;--awb-padding-bottom:0px;--awb-margin-top:30px;--awb-margin-bottom:0px;--awb-flex-wrap:wrap;\" ><div class=\"fusion-builder-row fusion-row fusion-flex-align-items-flex-start fusion-flex-content-wrap\" style=\"max-width:1456px;margin-left: calc(-4% \/ 2 );margin-right: calc(-4% \/ 2 );\"><div class=\"fusion-layout-column fusion_builder_column fusion-builder-column-0 fusion_builder_column_1_1 1_1 fusion-flex-column\" style=\"--awb-bg-size:cover;--awb-width-large:100%;--awb-margin-top-large:0px;--awb-spacing-right-large:1.92%;--awb-margin-bottom-large:0px;--awb-spacing-left-large:1.92%;--awb-width-medium:100%;--awb-order-medium:0;--awb-spacing-right-medium:1.92%;--awb-spacing-left-medium:1.92%;--awb-width-small:100%;--awb-order-small:0;--awb-spacing-right-small:1.92%;--awb-spacing-left-small:1.92%;\" data-scroll-devices=\"small-visibility,medium-visibility,large-visibility\"><div class=\"fusion-column-wrapper fusion-column-has-shadow fusion-flex-justify-content-flex-start fusion-content-layout-column\"><div class=\"fusion-title title fusion-title-1 fusion-sep-none fusion-title-text fusion-title-size-three\" style=\"--awb-margin-top-small:8px;--awb-margin-right-small:0px;--awb-margin-bottom-small:16px;--awb-margin-left-small:0px;\"><h3 class=\"fusion-title-heading title-heading-left fusion-responsive-typography-calculated\" style=\"margin:0;--fontSize:48;line-height:1.2;\"><h1>Magazin Ode an die Freiheit<\/h1><\/h3><\/div><div class=\"fusion-text fusion-text-1\" style=\"--awb-margin-top:10px;\"><h4 class=\"fusion-responsive-typography-calculated\" style=\"--fontsize: 48; line-height: 1.2;\" data-fontsize=\"48\" data-lineheight=\"57.6px\">Was bedeutet Freiheit f\u00fcr dich?<\/h4>\n<p>Freiheit bedeutet f\u00fcr jeden etwas anderes. Um dies zu erkunden, haben wir Einwohner der Achterhoek, der Liemers und des deutschen Grenzgebiets gebeten, ihr Gef\u00fchl von Freiheit in Worte zu fassen, zu zeichnen oder zu fotografieren. Dies bildete die Grundlage f\u00fcr einen inspirierenden Wettbewerb.  <\/p>\n<p>Mit gro\u00dfem Enthusiasmus machten sich die Menschen an die Arbeit. Sch\u00fcler verarbeiteten ihr Gef\u00fchl von Freiheit in Projekten. Auch junge Erwachsene aus Deutschland nahmen teil. Dutzende von Einsendungen zeigten, wie vielf\u00e4ltig Freiheit erlebt wird. Alle Beitr\u00e4ge wurden in einem wundersch\u00f6nen Magazin zusammengestellt.    <\/p>\n<\/div><div class=\"_df_thumb \" id=\"df_2717\"  _slug=\"magazine-ode-aan-de-vrijheid\" data-title=\"magazine-ode-aan-de-vrijheid\" wpoptions=\"true\" thumb=\"https:\/\/nationaalonderduikmuseum.nl\/wp-content\/uploads\/2024\/10\/NOMA-magazine-Ode-aan-de-Vrijheid.jpg\" thumbtype=\"\" >Magazine Ode aan de Vrijheid<\/div><script class=\"df-shortcode-script\" nowprocket type=\"application\/javascript\">window.option_df_2717 = {\"outline\":[],\"height\":\"auto\",\"autoEnableOutline\":\"false\",\"autoEnableThumbnail\":\"false\",\"overwritePDFOutline\":\"false\",\"direction\":\"1\",\"pageSize\":\"0\",\"source\":\"https:\\\/\\\/nationaalonderduikmuseum.nl\\\/wp-content\\\/uploads\\\/2024\\\/10\\\/NOMA-magazine-Ode-aan-de-Vrijheid-A4.web_.pdf\",\"wpOptions\":\"true\"}; if(window.DFLIP && window.DFLIP.parseBooks){window.DFLIP.parseBooks();}<\/script><div class=\"fusion-text fusion-text-2\"><p>Klicken Sie auf das Bild, um die digitale Version des Magazins anzusehen.<\/p>\n<\/div><div class=\"fusion-text fusion-text-3\"><h4>Wort tr\u00fcbt &#8218;Ode an die Freiheit&#8216;<\/h4>\n<p>Was bedeutet Freiheit f\u00fcr dich? zwei inspirierende Wortwolken sind entstanden: eine auf Niederl\u00e4ndisch und eine auf Deutsch. Diese Wortwolken sind mehr als nur ein Bild \u2013 sie k\u00f6nnen auf vielf\u00e4ltige Weise genutzt werden, um das Gespr\u00e4ch \u00fcber Freiheit zu beginnen.  <\/p>\n<p><a rel=\"nofollow\" href=\"https:\/\/nationaalonderduikmuseum.nl\/de\/?page_id=2494\">Entdecken Sie die Wortwolken<\/a><\/p>\n<p>&nbsp;<\/p>\n<\/div><\/div><\/div><\/div><\/div><div class=\"fusion-fullwidth fullwidth-box fusion-builder-row-2 fusion-flex-container has-pattern-background has-mask-background nonhundred-percent-fullwidth non-hundred-percent-height-scrolling\" style=\"--awb-border-radius-top-left:0px;--awb-border-radius-top-right:0px;--awb-border-radius-bottom-right:0px;--awb-border-radius-bottom-left:0px;--awb-padding-top:0px;--awb-padding-bottom:49px;--awb-margin-top:0px;--awb-flex-wrap:wrap;\" ><div class=\"fusion-builder-row fusion-row fusion-flex-align-items-flex-start fusion-flex-content-wrap\" style=\"max-width:1456px;margin-left: calc(-4% \/ 2 );margin-right: calc(-4% \/ 2 );\"><div class=\"fusion-layout-column fusion_builder_column fusion-builder-column-1 fusion_builder_column_1_5 1_5 fusion-flex-column\" style=\"--awb-padding-top:35px;--awb-padding-left:33px;--awb-bg-size:cover;--awb-width-large:20%;--awb-margin-top-large:0px;--awb-spacing-right-large:9.6%;--awb-margin-bottom-large:20px;--awb-spacing-left-large:9.6%;--awb-width-medium:20%;--awb-order-medium:0;--awb-spacing-right-medium:9.6%;--awb-spacing-left-medium:9.6%;--awb-width-small:100%;--awb-order-small:0;--awb-spacing-right-small:1.92%;--awb-spacing-left-small:1.92%;\"><div class=\"fusion-column-wrapper fusion-column-has-shadow fusion-flex-justify-content-flex-start fusion-content-layout-column\"><div class=\"fusion-image-element \" style=\"--awb-caption-title-font-family:var(--h2_typography-font-family);--awb-caption-title-font-weight:var(--h2_typography-font-weight);--awb-caption-title-font-style:var(--h2_typography-font-style);--awb-caption-title-size:var(--h2_typography-font-size);--awb-caption-title-transform:var(--h2_typography-text-transform);--awb-caption-title-line-height:var(--h2_typography-line-height);--awb-caption-title-letter-spacing:var(--h2_typography-letter-spacing);\"><span class=\" fusion-imageframe imageframe-none imageframe-1 hover-type-none\"><img decoding=\"async\" width=\"503\" height=\"260\" title=\"Grensland-Grenszland\" src=\"https:\/\/nationaalonderduikmuseum.nl\/wp-content\/uploads\/2024\/11\/grensland-grenszland-lg-fc-liggend1.png\" alt class=\"img-responsive wp-image-2862\" srcset=\"https:\/\/nationaalonderduikmuseum.nl\/wp-content\/uploads\/2024\/11\/grensland-grenszland-lg-fc-liggend1-200x103.png 200w, https:\/\/nationaalonderduikmuseum.nl\/wp-content\/uploads\/2024\/11\/grensland-grenszland-lg-fc-liggend1-400x207.png 400w, https:\/\/nationaalonderduikmuseum.nl\/wp-content\/uploads\/2024\/11\/grensland-grenszland-lg-fc-liggend1.png 503w\" sizes=\"(max-width: 800px) 100vw, 200px\" \/><\/span><\/div><\/div><\/div><div class=\"fusion-layout-column fusion_builder_column fusion-builder-column-2 fusion_builder_column_1_5 1_5 fusion-flex-column\" style=\"--awb-padding-right:76px;--awb-padding-left:37px;--awb-bg-size:cover;--awb-width-large:20%;--awb-margin-top-large:0px;--awb-spacing-right-large:9.6%;--awb-margin-bottom-large:20px;--awb-spacing-left-large:9.6%;--awb-width-medium:20%;--awb-order-medium:0;--awb-spacing-right-medium:9.6%;--awb-spacing-left-medium:9.6%;--awb-width-small:100%;--awb-order-small:0;--awb-spacing-right-small:1.92%;--awb-spacing-left-small:1.92%;\"><div class=\"fusion-column-wrapper fusion-column-has-shadow fusion-flex-justify-content-flex-start fusion-content-layout-column\"><div class=\"fusion-image-element \" style=\"--awb-caption-title-font-family:var(--h2_typography-font-family);--awb-caption-title-font-weight:var(--h2_typography-font-weight);--awb-caption-title-font-style:var(--h2_typography-font-style);--awb-caption-title-size:var(--h2_typography-font-size);--awb-caption-title-transform:var(--h2_typography-text-transform);--awb-caption-title-line-height:var(--h2_typography-line-height);--awb-caption-title-letter-spacing:var(--h2_typography-letter-spacing);\"><span class=\" fusion-imageframe imageframe-none imageframe-2 hover-type-none\"><img decoding=\"async\" width=\"513\" height=\"538\" title=\"Freiheit im Gelderland\" src=\"https:\/\/nationaalonderduikmuseum.nl\/wp-content\/uploads\/2024\/11\/VGlogo-2023OL.png\" alt class=\"img-responsive wp-image-2877\" srcset=\"https:\/\/nationaalonderduikmuseum.nl\/wp-content\/uploads\/2024\/11\/VGlogo-2023OL-200x210.png 200w, https:\/\/nationaalonderduikmuseum.nl\/wp-content\/uploads\/2024\/11\/VGlogo-2023OL-400x419.png 400w, https:\/\/nationaalonderduikmuseum.nl\/wp-content\/uploads\/2024\/11\/VGlogo-2023OL.png 513w\" sizes=\"(max-width: 800px) 100vw, 200px\" \/><\/span><\/div><\/div><\/div><div class=\"fusion-layout-column fusion_builder_column fusion-builder-column-3 fusion_builder_column_3_5 3_5 fusion-flex-column\" style=\"--awb-padding-top:35px;--awb-bg-size:cover;--awb-width-large:60%;--awb-margin-top-large:0px;--awb-spacing-right-large:3.2%;--awb-margin-bottom-large:20px;--awb-spacing-left-large:0%;--awb-width-medium:60%;--awb-order-medium:0;--awb-spacing-right-medium:3.2%;--awb-spacing-left-medium:0%;--awb-width-small:100%;--awb-order-small:0;--awb-spacing-right-small:1.92%;--awb-spacing-left-small:1.92%;\"><div class=\"fusion-column-wrapper fusion-column-has-shadow fusion-flex-justify-content-flex-start fusion-content-layout-column\"><div class=\"fusion-text fusion-text-4\"><p><i><span style=\"color: var(--awb-text-color); font-family: var(--awb-text-font-family); font-size: var(--awb-font-size); font-weight: var(--awb-text-font-weight); letter-spacing: var(--awb-letter-spacing); text-align: var(--awb-content-alignment); text-transform: var(--awb-text-transform); background-color: var(--awb-bg-color-hover);\">Ode aan de Vrijheid ist Teil des Regionalprogramms Freiheit 2023\u20132024 in der Region Achterhoek und Liemers.<\/span>  Dieses grenz\u00fcberschreitende Programm tr\u00e4gt zu mehr Verbindung, Begegnung, Austausch \u00fcber Freiheit und zur Erkenntnis bei, dass Freiheit nicht als selbstverst\u00e4ndlich angesehen werden darf und dass jeder Freiheit weitergeben kann.<\/i><\/p>\n<\/div><\/div><\/div><\/div><\/div><\/p>\n","protected":false},"excerpt":{"rendered":"","protected":false},"author":4,"featured_media":0,"parent":2491,"menu_order":4,"comment_status":"closed","ping_status":"closed","template":"100-width.php","meta":{"footnotes":""},"class_list":["post-6263","page","type-page","status-publish","hentry"],"aioseo_notices":[],"_links":{"self":[{"href":"https:\/\/nationaalonderduikmuseum.nl\/de\/wp-json\/wp\/v2\/pages\/6263","targetHints":{"allow":["GET"]}}],"collection":[{"href":"https:\/\/nationaalonderduikmuseum.nl\/de\/wp-json\/wp\/v2\/pages"}],"about":[{"href":"https:\/\/nationaalonderduikmuseum.nl\/de\/wp-json\/wp\/v2\/types\/page"}],"author":[{"embeddable":true,"href":"https:\/\/nationaalonderduikmuseum.nl\/de\/wp-json\/wp\/v2\/users\/4"}],"replies":[{"embeddable":true,"href":"https:\/\/nationaalonderduikmuseum.nl\/de\/wp-json\/wp\/v2\/comments?post=6263"}],"version-history":[{"count":4,"href":"https:\/\/nationaalonderduikmuseum.nl\/de\/wp-json\/wp\/v2\/pages\/6263\/revisions"}],"predecessor-version":[{"id":6921,"href":"https:\/\/nationaalonderduikmuseum.nl\/de\/wp-json\/wp\/v2\/pages\/6263\/revisions\/6921"}],"up":[{"embeddable":true,"href":"https:\/\/nationaalonderduikmuseum.nl\/de\/wp-json\/wp\/v2\/pages\/2491"}],"wp:attachment":[{"href":"https:\/\/nationaalonderduikmuseum.nl\/de\/wp-json\/wp\/v2\/media?parent=6263"}],"curies":[{"name":"wp","href":"https:\/\/api.w.org\/{rel}","templated":true}]}}

<p><div class="fusion-fullwidth fullwidth-box fusion-builder-row-1 fusion-flex-container has-pattern-background has-mask-background nonhundred-percent-fullwidth non-hundred-percent-height-scrolling" style="--awb-border-radius-top-left:0px;--awb-border-radius-top-right:0px;--awb-border-radius-bottom-right:0px;--awb-border-radius-bottom-left:0px;--awb-padding-top:0px;--awb-padding-bottom:0px;--awb-margin-top:30px;--awb-margin-bottom:0px;--awb-flex-wrap:wrap;" ><div class="fusion-builder-row fusion-row fusion-flex-align-items-flex-start fusion-flex-content-wrap" style="max-width:1456px;margin-left: calc(-4% / 2 );margin-right: calc(-4% / 2 );"><div class="fusion-layout-column fusion_builder_column fusion-builder-column-0 fusion_builder_column_1_1 1_1 fusion-flex-column" style="--awb-bg-size:cover;--awb-width-large:100%;--awb-margin-top-large:0px;--awb-spacing-right-large:1.92%;--awb-margin-bottom-large:0px;--awb-spacing-left-large:1.92%;--awb-width-medium:100%;--awb-order-medium:0;--awb-spacing-right-medium:1.92%;--awb-spacing-left-medium:1.92%;--awb-width-small:100%;--awb-order-small:0;--awb-spacing-right-small:1.92%;--awb-spacing-left-small:1.92%;" data-scroll-devices="small-visibility,medium-visibility,large-visibility"><div class="fusion-column-wrapper fusion-column-has-shadow fusion-flex-justify-content-flex-start fusion-content-layout-column"><div class="fusion-title title fusion-title-1 fusion-sep-none fusion-title-text fusion-title-size-three" style="--awb-margin-top-small:8px;--awb-margin-right-small:0px;--awb-margin-bottom-small:16px;--awb-margin-left-small:0px;"><h3 class="fusion-title-heading title-heading-left fusion-responsive-typography-calculated" style="margin:0;--fontSize:48;line-height:1.2;"><h1>Magazin Ode an die Freiheit</h1></h3></div><div class="fusion-text fusion-text-1" style="--awb-margin-top:10px;"><h4 class="fusion-responsive-typography-calculated" style="--fontsize: 48; line-height: 1.2;" data-fontsize="48" data-lineheight="57.6px">Was bedeutet Freiheit für dich?</h4>
<p>Freiheit bedeutet für jeden etwas anderes. Um dies zu erkunden, haben wir Einwohner der Achterhoek, der Liemers und des deutschen Grenzgebiets gebeten, ihr Gefühl von Freiheit in Worte zu fassen, zu zeichnen oder zu fotografieren. Dies bildete die Grundlage für einen inspirierenden Wettbewerb.  </p>
<p>Mit großem Enthusiasmus machten sich die Menschen an die Arbeit. Schüler verarbeiteten ihr Gefühl von Freiheit in Projekten. Auch junge Erwachsene aus Deutschland nahmen teil. Dutzende von Einsendungen zeigten, wie vielfältig Freiheit erlebt wird. Alle Beiträge wurden in einem wunderschönen Magazin zusammengestellt.    </p>
</div><div class="_df_thumb " id="df_2717"  _slug="magazine-ode-aan-de-vrijheid" data-title="magazine-ode-aan-de-vrijheid" wpoptions="true" thumb="https://nationaalonderduikmuseum.nl/wp-content/uploads/2024/10/NOMA-magazine-Ode-aan-de-Vrijheid.jpg" thumbtype="" >Magazine Ode aan de Vrijheid</div><script class="df-shortcode-script" nowprocket type="application/javascript">window.option_df_2717 = {"outline":[],"height":"auto","autoEnableOutline":"false","autoEnableThumbnail":"false","overwritePDFOutline":"false","direction":"1","pageSize":"0","source":"https:\/\/nationaalonderduikmuseum.nl\/wp-content\/uploads\/2024\/10\/NOMA-magazine-Ode-aan-de-Vrijheid-A4.web_.pdf","wpOptions":"true"}; if(window.DFLIP && window.DFLIP.parseBooks){window.DFLIP.parseBooks();}</script><div class="fusion-text fusion-text-2"><p>Klicken Sie auf das Bild, um die digitale Version des Magazins anzusehen.</p>
</div><div class="fusion-text fusion-text-3"><h4>Wort trübt &#8218;Ode an die Freiheit&#8216;</h4>
<p>Was bedeutet Freiheit für dich? zwei inspirierende Wortwolken sind entstanden: eine auf Niederländisch und eine auf Deutsch. Diese Wortwolken sind mehr als nur ein Bild – sie können auf vielfältige Weise genutzt werden, um das Gespräch über Freiheit zu beginnen.  </p>
<p><a rel="nofollow" href="https://nationaalonderduikmuseum.nl/de/?page_id=2494">Entdecken Sie die Wortwolken</a></p>
<p>&nbsp;</p>
</div></div></div></div></div><div class="fusion-fullwidth fullwidth-box fusion-builder-row-2 fusion-flex-container has-pattern-background has-mask-background nonhundred-percent-fullwidth non-hundred-percent-height-scrolling" style="--awb-border-radius-top-left:0px;--awb-border-radius-top-right:0px;--awb-border-radius-bottom-right:0px;--awb-border-radius-bottom-left:0px;--awb-padding-top:0px;--awb-padding-bottom:49px;--awb-margin-top:0px;--awb-flex-wrap:wrap;" ><div class="fusion-builder-row fusion-row fusion-flex-align-items-flex-start fusion-flex-content-wrap" style="max-width:1456px;margin-left: calc(-4% / 2 );margin-right: calc(-4% / 2 );"><div class="fusion-layout-column fusion_builder_column fusion-builder-column-1 fusion_builder_column_1_5 1_5 fusion-flex-column" style="--awb-padding-top:35px;--awb-padding-left:33px;--awb-bg-size:cover;--awb-width-large:20%;--awb-margin-top-large:0px;--awb-spacing-right-large:9.6%;--awb-margin-bottom-large:20px;--awb-spacing-left-large:9.6%;--awb-width-medium:20%;--awb-order-medium:0;--awb-spacing-right-medium:9.6%;--awb-spacing-left-medium:9.6%;--awb-width-small:100%;--awb-order-small:0;--awb-spacing-right-small:1.92%;--awb-spacing-left-small:1.92%;"><div class="fusion-column-wrapper fusion-column-has-shadow fusion-flex-justify-content-flex-start fusion-content-layout-column"><div class="fusion-image-element " style="--awb-caption-title-font-family:var(--h2_typography-font-family);--awb-caption-title-font-weight:var(--h2_typography-font-weight);--awb-caption-title-font-style:var(--h2_typography-font-style);--awb-caption-title-size:var(--h2_typography-font-size);--awb-caption-title-transform:var(--h2_typography-text-transform);--awb-caption-title-line-height:var(--h2_typography-line-height);--awb-caption-title-letter-spacing:var(--h2_typography-letter-spacing);"><span class=" fusion-imageframe imageframe-none imageframe-1 hover-type-none"><img decoding="async" width="503" height="260" title="Grensland-Grenszland" src="https://nationaalonderduikmuseum.nl/wp-content/uploads/2024/11/grensland-grenszland-lg-fc-liggend1.png" alt class="img-responsive wp-image-2862" srcset="https://nationaalonderduikmuseum.nl/wp-content/uploads/2024/11/grensland-grenszland-lg-fc-liggend1-200x103.png 200w, https://nationaalonderduikmuseum.nl/wp-content/uploads/2024/11/grensland-grenszland-lg-fc-liggend1-400x207.png 400w, https://nationaalonderduikmuseum.nl/wp-content/uploads/2024/11/grensland-grenszland-lg-fc-liggend1.png 503w" sizes="(max-width: 800px) 100vw, 200px" /></span></div></div></div><div class="fusion-layout-column fusion_builder_column fusion-builder-column-2 fusion_builder_column_1_5 1_5 fusion-flex-column" style="--awb-padding-right:76px;--awb-padding-left:37px;--awb-bg-size:cover;--awb-width-large:20%;--awb-margin-top-large:0px;--awb-spacing-right-large:9.6%;--awb-margin-bottom-large:20px;--awb-spacing-left-large:9.6%;--awb-width-medium:20%;--awb-order-medium:0;--awb-spacing-right-medium:9.6%;--awb-spacing-left-medium:9.6%;--awb-width-small:100%;--awb-order-small:0;--awb-spacing-right-small:1.92%;--awb-spacing-left-small:1.92%;"><div class="fusion-column-wrapper fusion-column-has-shadow fusion-flex-justify-content-flex-start fusion-content-layout-column"><div class="fusion-image-element " style="--awb-caption-title-font-family:var(--h2_typography-font-family);--awb-caption-title-font-weight:var(--h2_typography-font-weight);--awb-caption-title-font-style:var(--h2_typography-font-style);--awb-caption-title-size:var(--h2_typography-font-size);--awb-caption-title-transform:var(--h2_typography-text-transform);--awb-caption-title-line-height:var(--h2_typography-line-height);--awb-caption-title-letter-spacing:var(--h2_typography-letter-spacing);"><span class=" fusion-imageframe imageframe-none imageframe-2 hover-type-none"><img decoding="async" width="513" height="538" title="Freiheit im Gelderland" src="https://nationaalonderduikmuseum.nl/wp-content/uploads/2024/11/VGlogo-2023OL.png" alt class="img-responsive wp-image-2877" srcset="https://nationaalonderduikmuseum.nl/wp-content/uploads/2024/11/VGlogo-2023OL-200x210.png 200w, https://nationaalonderduikmuseum.nl/wp-content/uploads/2024/11/VGlogo-2023OL-400x419.png 400w, https://nationaalonderduikmuseum.nl/wp-content/uploads/2024/11/VGlogo-2023OL.png 513w" sizes="(max-width: 800px) 100vw, 200px" /></span></div></div></div><div class="fusion-layout-column fusion_builder_column fusion-builder-column-3 fusion_builder_column_3_5 3_5 fusion-flex-column" style="--awb-padding-top:35px;--awb-bg-size:cover;--awb-width-large:60%;--awb-margin-top-large:0px;--awb-spacing-right-large:3.2%;--awb-margin-bottom-large:20px;--awb-spacing-left-large:0%;--awb-width-medium:60%;--awb-order-medium:0;--awb-spacing-right-medium:3.2%;--awb-spacing-left-medium:0%;--awb-width-small:100%;--awb-order-small:0;--awb-spacing-right-small:1.92%;--awb-spacing-left-small:1.92%;"><div class="fusion-column-wrapper fusion-column-has-shadow fusion-flex-justify-content-flex-start fusion-content-layout-column"><div class="fusion-text fusion-text-4"><p><i><span style="color: var(--awb-text-color); font-family: var(--awb-text-font-family); font-size: var(--awb-font-size); font-weight: var(--awb-text-font-weight); letter-spacing: var(--awb-letter-spacing); text-align: var(--awb-content-alignment); text-transform: var(--awb-text-transform); background-color: var(--awb-bg-color-hover);">Ode aan de Vrijheid ist Teil des Regionalprogramms Freiheit 2023–2024 in der Region Achterhoek und Liemers.</span>  Dieses grenzüberschreitende Programm trägt zu mehr Verbindung, Begegnung, Austausch über Freiheit und zur Erkenntnis bei, dass Freiheit nicht als selbstverständlich angesehen werden darf und dass jeder Freiheit weitergeben kann.</i></p>
</div></div></div></div></div></p>
