{"id":6038,"date":"2025-01-16T13:45:23","date_gmt":"2025-01-16T13:45:23","guid":{"rendered":"https:\/\/nationaalonderduikmuseum.nl\/programma-vrijheid\/freiheitslied\/"},"modified":"2026-04-02T19:29:52","modified_gmt":"2026-04-02T19:29:52","slug":"freiheitslied","status":"publish","type":"page","link":"https:\/\/nationaalonderduikmuseum.nl\/de\/programma-vrijheid\/freiheitslied\/","title":{"rendered":"Freiheitslied"},"content":{"rendered":"<div class=\"fusion-fullwidth fullwidth-box fusion-builder-row-1 fusion-flex-container has-pattern-background has-mask-background nonhundred-percent-fullwidth non-hundred-percent-height-scrolling\" style=\"--awb-border-radius-top-left:0px;--awb-border-radius-top-right:0px;--awb-border-radius-bottom-right:0px;--awb-border-radius-bottom-left:0px;--awb-padding-top:0px;--awb-padding-bottom:0px;--awb-margin-top:30px;--awb-margin-bottom:0px;--awb-flex-wrap:wrap;\" ><div class=\"fusion-builder-row fusion-row fusion-flex-align-items-flex-start fusion-flex-content-wrap\" style=\"max-width:1456px;margin-left: calc(-4% \/ 2 );margin-right: calc(-4% \/ 2 );\"><div class=\"fusion-layout-column fusion_builder_column fusion-builder-column-0 fusion_builder_column_1_1 1_1 fusion-flex-column\" style=\"--awb-bg-size:cover;--awb-width-large:100%;--awb-margin-top-large:0px;--awb-spacing-right-large:1.92%;--awb-margin-bottom-large:20px;--awb-spacing-left-large:1.92%;--awb-width-medium:100%;--awb-order-medium:0;--awb-spacing-right-medium:1.92%;--awb-spacing-left-medium:1.92%;--awb-width-small:100%;--awb-order-small:0;--awb-spacing-right-small:1.92%;--awb-spacing-left-small:1.92%;\"><div class=\"fusion-column-wrapper fusion-column-has-shadow fusion-flex-justify-content-flex-start fusion-content-layout-column\"><div class=\"fusion-title title fusion-title-1 fusion-sep-none fusion-title-text fusion-title-size-three\" style=\"--awb-margin-top-small:8px;--awb-margin-right-small:0px;--awb-margin-bottom-small:16px;--awb-margin-left-small:0px;\"><h3 class=\"fusion-title-heading title-heading-left fusion-responsive-typography-calculated\" style=\"margin:0;--fontSize:48;line-height:1.2;\"><h1>Ode an die Freiheit<\/h1><\/h3><\/div><\/div><\/div><div class=\"fusion-layout-column fusion_builder_column fusion-builder-column-1 fusion_builder_column_2_3 2_3 fusion-flex-column\" style=\"--awb-bg-size:cover;--awb-width-large:66.666666666667%;--awb-margin-top-large:70px;--awb-spacing-right-large:2.88%;--awb-margin-bottom-large:20px;--awb-spacing-left-large:2.88%;--awb-width-medium:66.666666666667%;--awb-order-medium:0;--awb-spacing-right-medium:2.88%;--awb-spacing-left-medium:2.88%;--awb-width-small:100%;--awb-order-small:0;--awb-spacing-right-small:1.92%;--awb-spacing-left-small:1.92%;\"><div class=\"fusion-column-wrapper fusion-column-has-shadow fusion-flex-justify-content-flex-start fusion-content-layout-column\"><div class=\"fusion-text fusion-text-1\"><p><em>Freedom song Irene van der Aart &amp; Dennis Weelink<\/em><\/p>\n<p style=\"text-align: left;\"><img decoding=\"async\" class=\"alignnone wp-image-3002 size-medium\" src=\"https:\/\/nationaalonderduikmuseum.nl\/wp-content\/uploads\/2025\/01\/Beeld-Ode-aan-de-Vrijheid-300x150.png\" alt=\"Fragment-Lied: Ode an die Freiheit\" width=\"300\" height=\"150\" srcset=\"https:\/\/nationaalonderduikmuseum.nl\/wp-content\/uploads\/2025\/01\/Beeld-Ode-aan-de-Vrijheid-200x100.png 200w, https:\/\/nationaalonderduikmuseum.nl\/wp-content\/uploads\/2025\/01\/Beeld-Ode-aan-de-Vrijheid-300x150.png 300w, https:\/\/nationaalonderduikmuseum.nl\/wp-content\/uploads\/2025\/01\/Beeld-Ode-aan-de-Vrijheid-400x200.png 400w, https:\/\/nationaalonderduikmuseum.nl\/wp-content\/uploads\/2025\/01\/Beeld-Ode-aan-de-Vrijheid-500x250.png 500w, https:\/\/nationaalonderduikmuseum.nl\/wp-content\/uploads\/2025\/01\/Beeld-Ode-aan-de-Vrijheid-600x300.png 600w, https:\/\/nationaalonderduikmuseum.nl\/wp-content\/uploads\/2025\/01\/Beeld-Ode-aan-de-Vrijheid-700x350.png 700w, https:\/\/nationaalonderduikmuseum.nl\/wp-content\/uploads\/2025\/01\/Beeld-Ode-aan-de-Vrijheid-768x384.png 768w, https:\/\/nationaalonderduikmuseum.nl\/wp-content\/uploads\/2025\/01\/Beeld-Ode-aan-de-Vrijheid-800x400.png 800w, https:\/\/nationaalonderduikmuseum.nl\/wp-content\/uploads\/2025\/01\/Beeld-Ode-aan-de-Vrijheid.png 1000w\" sizes=\"(max-width: 300px) 100vw, 300px\" \/><\/p>\n<p>Freiheit scheint so selbstverst\u00e4ndlich zu sein, dass wir sie oft als gegeben hinnehmen.<br \/>\nDie Kabarettistin und Autorin Irene van der Aart und der Keyboarder\/Arrangeur Dennis Weelink verleihen der Freiheit in \u201eOde aan de Vrijheid\u201c eine Bedeutung. Das Duo schrieb und komponierte dieses wundersch\u00f6ne Freiheitslied im Vorfeld der Feierlichkeiten zu 80 Jahren Freiheit im Jahr 2025. <\/p>\n<p>M\u00f6chten Sie das Freiheitslied (Musik und Gesang) h\u00f6ren? Ode to Freedom kann unter anderem auf <a href=\"https:\/\/open.spotify.com\/track\/1V41Geuxa4a5el8AumGd1g?si=fc6104f98bc645b0\" target=\"_blank\" rel=\"noopener\">Spotify<\/a>, <a href=\"https:\/\/music.apple.com\/nl\/album\/ode-aan-de-vrijheid-feat-dennis-weelink\/1785229822?i=1785229823\" target=\"_blank\" rel=\"noopener\">Apple Music<\/a> und <a href=\"https:\/\/youtu.be\/frKAUDuF5yw?si=BRRNmGk7MlZhRsNk\" target=\"_blank\" rel=\"noopener\">YouTube<\/a> geh\u00f6rt werden. <\/p>\n<p><strong>Fanfaren- und Harmonieorchester<\/strong> <strong>sowie Ch\u00f6re <\/strong><strong>k\u00f6nnen Text und Musik kostenlos und rechtefrei herunterladen.<br \/>\n<\/strong>Sie k\u00f6nnen das Freiheitslied in ihr Repertoire aufnehmen. Dabei weisen wir darauf hin, dass nicht unbedingt alle Strophen aufgef\u00fchrt werden m\u00fcssen. Treffen Sie gerne eine Auswahl: Was passt am besten zu Ihrer Musik- oder Gesangsgruppe?<br \/>\nWie sch\u00f6n w\u00e4re es, wenn wir gerade in diesem Jahr eine Ode an die Freiheit darbringen? Damit wir uns bewusst machen, dass Freiheit nicht selbstverst\u00e4ndlich ist. Wir m\u00fcssen die Freiheit sch\u00e4tzen.    <\/p>\n<p><a href=\"https:\/\/www.dropbox.com\/scl\/fo\/0xzzm405xmtwvx2q5nqu7\/APtCcvpeWnRcyr_km4R4Xkw?rlkey=x9859fjua2ijziqyoii1eawg2&amp;e=2&amp;dl=0\" target=\"_blank\" rel=\"noopener\"><span data-olk-copy-source=\"MessageBody\">Zum Dropbox-Ordner mit allen Arrangements.<\/span><\/a><\/p>\n<p><span data-olk-copy-source=\"MessageBody\"><strong>Anleitung herunterladen:<\/strong> W\u00e4hlen Sie im Ordner das Paket f\u00fcr Ihre Gruppe aus und klicken Sie auf Herunterladen. Du kannst den gesamten Ordner als ZIP-Datei oder einzelne Dateien herunterladen. Du kannst das erscheinende Pop-up ignorieren, indem du auf den Link &#8222;Oder einfach mit dem Download fortfahren&#8220; klickst.  <\/span><\/p>\n<\/div><\/div><\/div><div class=\"fusion-layout-column fusion_builder_column fusion-builder-column-2 fusion_builder_column_1_3 1_3 fusion-flex-column\" style=\"--awb-padding-top:70px;--awb-bg-size:cover;--awb-width-large:33.333333333333%;--awb-margin-top-large:0px;--awb-spacing-right-large:5.76%;--awb-margin-bottom-large:20px;--awb-spacing-left-large:5.76%;--awb-width-medium:33.333333333333%;--awb-order-medium:0;--awb-spacing-right-medium:5.76%;--awb-spacing-left-medium:5.76%;--awb-width-small:100%;--awb-order-small:0;--awb-spacing-right-small:1.92%;--awb-spacing-left-small:1.92%;\"><div class=\"fusion-column-wrapper fusion-column-has-shadow fusion-flex-justify-content-flex-start fusion-content-layout-column\"><div class=\"fusion-video fusion-youtube\" style=\"--awb-max-width:600px;--awb-max-height:360px;--awb-margin-top:15px;--awb-margin-bottom:15px;\"><div class=\"video-shortcode\"><div class=\"fluid-width-video-wrapper\" style=\"padding-top:60%;\" ><iframe title=\"YouTube video player 1\" src=\"https:\/\/www.youtube.com\/embed\/frKAUDuF5yw?wmode=transparent&autoplay=0\" width=\"600\" height=\"360\" allowfullscreen allow=\"autoplay; clipboard-write; encrypted-media; gyroscope; picture-in-picture;\"><\/iframe><\/div><\/div><\/div><div class=\"fusion-video fusion-youtube\" style=\"--awb-max-width:600px;--awb-max-height:360px;\"><div class=\"video-shortcode\"><div class=\"fluid-width-video-wrapper\" style=\"padding-top:60%;\" ><iframe title=\"YouTube video player 2\" src=\"https:\/\/www.youtube.com\/embed\/kM_P_wbMs5c?wmode=transparent&autoplay=0\" width=\"600\" height=\"360\" allowfullscreen allow=\"autoplay; clipboard-write; encrypted-media; gyroscope; picture-in-picture;\"><\/iframe><\/div><\/div><\/div><\/div><\/div><div class=\"fusion-layout-column fusion_builder_column fusion-builder-column-3 fusion_builder_column_2_3 2_3 fusion-flex-column\" style=\"--awb-padding-top:14px;--awb-bg-size:cover;--awb-width-large:66.666666666667%;--awb-margin-top-large:0px;--awb-spacing-right-large:2.88%;--awb-margin-bottom-large:20px;--awb-spacing-left-large:2.88%;--awb-width-medium:66.666666666667%;--awb-order-medium:0;--awb-spacing-right-medium:2.88%;--awb-spacing-left-medium:2.88%;--awb-width-small:100%;--awb-order-small:0;--awb-spacing-right-small:1.92%;--awb-spacing-left-small:1.92%;\"><div class=\"fusion-column-wrapper fusion-column-has-shadow fusion-flex-justify-content-flex-start fusion-content-layout-column\"><div class=\"fusion-text fusion-text-2\"><h4>Folgende Personen trugen zu Ode an die Freiheit bei:<\/h4>\n<p><strong>Dennis Weelink<\/strong> (Keyboards, Combo und Gesangsarrangements)<br \/>\n<strong>Irene van der Aart<\/strong> (Text, Gesang und musikalische Idee)<br \/>\n<strong>Rick Wiegerinck<\/strong> (Mixing und Produktion)<br \/>\n<strong>Roys K\u00fcche<\/strong> (Studioaufnahmen)<br \/>\n<strong>Jonas Pap<\/strong> (Arrangement, Mix, Cellist\/Streicher)<br \/>\n<strong>Maarten Ouweneel<\/strong> (Gitarrist)<br \/>\n<strong>Bart Soeters<\/strong> (Bassist)<br \/>\n<strong>Willem Smid<\/strong> (Schlagzeug\/Percussion)<br \/>\n<strong>Chorvision<\/strong><br \/>\n<strong>Egbert van Groningen<\/strong> (Arrangements, Blasorchester\/Fanfare)<br \/>\n<strong>Noalyn te Selle <\/strong>(Gesang)<\/p>\n<\/div><\/div><\/div><div class=\"fusion-layout-column fusion_builder_column fusion-builder-column-4 fusion_builder_column_1_3 1_3 fusion-flex-column\" style=\"--awb-bg-size:cover;--awb-width-large:33.333333333333%;--awb-margin-top-large:0px;--awb-spacing-right-large:5.76%;--awb-margin-bottom-large:20px;--awb-spacing-left-large:5.76%;--awb-width-medium:33.333333333333%;--awb-order-medium:0;--awb-spacing-right-medium:5.76%;--awb-spacing-left-medium:5.76%;--awb-width-small:100%;--awb-order-small:0;--awb-spacing-right-small:1.92%;--awb-spacing-left-small:1.92%;\"><div class=\"fusion-column-wrapper fusion-column-has-shadow fusion-flex-justify-content-flex-start fusion-content-layout-column\"><div class=\"fusion-image-element \" style=\"--awb-margin-top:10px;--awb-caption-title-font-family:var(--h2_typography-font-family);--awb-caption-title-font-weight:var(--h2_typography-font-weight);--awb-caption-title-font-style:var(--h2_typography-font-style);--awb-caption-title-size:var(--h2_typography-font-size);--awb-caption-title-transform:var(--h2_typography-text-transform);--awb-caption-title-line-height:var(--h2_typography-line-height);--awb-caption-title-letter-spacing:var(--h2_typography-letter-spacing);\"><span class=\" fusion-imageframe imageframe-none imageframe-1 hover-type-none\"><img decoding=\"async\" width=\"459\" height=\"174\" alt=\"Logo Freiheit Gelderland und Grenz-Grensland\" title=\"Logo Freiheit Gelderland und Grenz-Grensland\" src=\"https:\/\/nationaalonderduikmuseum.nl\/wp-content\/uploads\/2025\/01\/logoVrijheid-Grenzland.jpg\" class=\"img-responsive wp-image-2981\" srcset=\"https:\/\/nationaalonderduikmuseum.nl\/wp-content\/uploads\/2025\/01\/logoVrijheid-Grenzland-200x76.jpg 200w, https:\/\/nationaalonderduikmuseum.nl\/wp-content\/uploads\/2025\/01\/logoVrijheid-Grenzland-400x152.jpg 400w, https:\/\/nationaalonderduikmuseum.nl\/wp-content\/uploads\/2025\/01\/logoVrijheid-Grenzland.jpg 459w\" sizes=\"(max-width: 800px) 100vw, 459px\" \/><\/span><\/div><div class=\"fusion-text fusion-text-3\"><p><em>Ode aan de Vrijheid ist Teil des Regionalprogramms Freiheit 2023\u20132024 in der Region Achterhoek und Liemers. Dieses grenz\u00fcberschreitende Programm tr\u00e4gt zu mehr Verbindung, Begegnung, Austausch \u00fcber Freiheit und zur Erkenntnis bei, dass Freiheit nicht als selbstverst\u00e4ndlich angesehen werden darf und dass jeder Freiheit weitergeben kann.  <\/em><\/p>\n<\/div><\/div><\/div><\/div><\/div>\n","protected":false},"excerpt":{"rendered":"","protected":false},"author":4,"featured_media":0,"parent":2491,"menu_order":3,"comment_status":"closed","ping_status":"closed","template":"","meta":{"footnotes":""},"class_list":["post-6038","page","type-page","status-publish","hentry"],"aioseo_notices":[],"_links":{"self":[{"href":"https:\/\/nationaalonderduikmuseum.nl\/de\/wp-json\/wp\/v2\/pages\/6038","targetHints":{"allow":["GET"]}}],"collection":[{"href":"https:\/\/nationaalonderduikmuseum.nl\/de\/wp-json\/wp\/v2\/pages"}],"about":[{"href":"https:\/\/nationaalonderduikmuseum.nl\/de\/wp-json\/wp\/v2\/types\/page"}],"author":[{"embeddable":true,"href":"https:\/\/nationaalonderduikmuseum.nl\/de\/wp-json\/wp\/v2\/users\/4"}],"replies":[{"embeddable":true,"href":"https:\/\/nationaalonderduikmuseum.nl\/de\/wp-json\/wp\/v2\/comments?post=6038"}],"version-history":[{"count":10,"href":"https:\/\/nationaalonderduikmuseum.nl\/de\/wp-json\/wp\/v2\/pages\/6038\/revisions"}],"predecessor-version":[{"id":6675,"href":"https:\/\/nationaalonderduikmuseum.nl\/de\/wp-json\/wp\/v2\/pages\/6038\/revisions\/6675"}],"up":[{"embeddable":true,"href":"https:\/\/nationaalonderduikmuseum.nl\/de\/wp-json\/wp\/v2\/pages\/2491"}],"wp:attachment":[{"href":"https:\/\/nationaalonderduikmuseum.nl\/de\/wp-json\/wp\/v2\/media?parent=6038"}],"curies":[{"name":"wp","href":"https:\/\/api.w.org\/{rel}","templated":true}]}}

<div class="fusion-fullwidth fullwidth-box fusion-builder-row-1 fusion-flex-container has-pattern-background has-mask-background nonhundred-percent-fullwidth non-hundred-percent-height-scrolling" style="--awb-border-radius-top-left:0px;--awb-border-radius-top-right:0px;--awb-border-radius-bottom-right:0px;--awb-border-radius-bottom-left:0px;--awb-padding-top:0px;--awb-padding-bottom:0px;--awb-margin-top:30px;--awb-margin-bottom:0px;--awb-flex-wrap:wrap;" ><div class="fusion-builder-row fusion-row fusion-flex-align-items-flex-start fusion-flex-content-wrap" style="max-width:1456px;margin-left: calc(-4% / 2 );margin-right: calc(-4% / 2 );"><div class="fusion-layout-column fusion_builder_column fusion-builder-column-0 fusion_builder_column_1_1 1_1 fusion-flex-column" style="--awb-bg-size:cover;--awb-width-large:100%;--awb-margin-top-large:0px;--awb-spacing-right-large:1.92%;--awb-margin-bottom-large:20px;--awb-spacing-left-large:1.92%;--awb-width-medium:100%;--awb-order-medium:0;--awb-spacing-right-medium:1.92%;--awb-spacing-left-medium:1.92%;--awb-width-small:100%;--awb-order-small:0;--awb-spacing-right-small:1.92%;--awb-spacing-left-small:1.92%;"><div class="fusion-column-wrapper fusion-column-has-shadow fusion-flex-justify-content-flex-start fusion-content-layout-column"><div class="fusion-title title fusion-title-1 fusion-sep-none fusion-title-text fusion-title-size-three" style="--awb-margin-top-small:8px;--awb-margin-right-small:0px;--awb-margin-bottom-small:16px;--awb-margin-left-small:0px;"><h3 class="fusion-title-heading title-heading-left fusion-responsive-typography-calculated" style="margin:0;--fontSize:48;line-height:1.2;"><h1>Ode an die Freiheit</h1></h3></div></div></div><div class="fusion-layout-column fusion_builder_column fusion-builder-column-1 fusion_builder_column_2_3 2_3 fusion-flex-column" style="--awb-bg-size:cover;--awb-width-large:66.666666666667%;--awb-margin-top-large:70px;--awb-spacing-right-large:2.88%;--awb-margin-bottom-large:20px;--awb-spacing-left-large:2.88%;--awb-width-medium:66.666666666667%;--awb-order-medium:0;--awb-spacing-right-medium:2.88%;--awb-spacing-left-medium:2.88%;--awb-width-small:100%;--awb-order-small:0;--awb-spacing-right-small:1.92%;--awb-spacing-left-small:1.92%;"><div class="fusion-column-wrapper fusion-column-has-shadow fusion-flex-justify-content-flex-start fusion-content-layout-column"><div class="fusion-text fusion-text-1"><p><em>Freedom song Irene van der Aart &amp; Dennis Weelink</em></p>
<p style="text-align: left;"><img decoding="async" class="alignnone wp-image-3002 size-medium" src="https://nationaalonderduikmuseum.nl/wp-content/uploads/2025/01/Beeld-Ode-aan-de-Vrijheid-300x150.png" alt="Fragment-Lied: Ode an die Freiheit" width="300" height="150" srcset="https://nationaalonderduikmuseum.nl/wp-content/uploads/2025/01/Beeld-Ode-aan-de-Vrijheid-200x100.png 200w, https://nationaalonderduikmuseum.nl/wp-content/uploads/2025/01/Beeld-Ode-aan-de-Vrijheid-300x150.png 300w, https://nationaalonderduikmuseum.nl/wp-content/uploads/2025/01/Beeld-Ode-aan-de-Vrijheid-400x200.png 400w, https://nationaalonderduikmuseum.nl/wp-content/uploads/2025/01/Beeld-Ode-aan-de-Vrijheid-500x250.png 500w, https://nationaalonderduikmuseum.nl/wp-content/uploads/2025/01/Beeld-Ode-aan-de-Vrijheid-600x300.png 600w, https://nationaalonderduikmuseum.nl/wp-content/uploads/2025/01/Beeld-Ode-aan-de-Vrijheid-700x350.png 700w, https://nationaalonderduikmuseum.nl/wp-content/uploads/2025/01/Beeld-Ode-aan-de-Vrijheid-768x384.png 768w, https://nationaalonderduikmuseum.nl/wp-content/uploads/2025/01/Beeld-Ode-aan-de-Vrijheid-800x400.png 800w, https://nationaalonderduikmuseum.nl/wp-content/uploads/2025/01/Beeld-Ode-aan-de-Vrijheid.png 1000w" sizes="(max-width: 300px) 100vw, 300px" /></p>
<p>Freiheit scheint so selbstverständlich zu sein, dass wir sie oft als gegeben hinnehmen.<br />
Die Kabarettistin und Autorin Irene van der Aart und der Keyboarder/Arrangeur Dennis Weelink verleihen der Freiheit in „Ode aan de Vrijheid“ eine Bedeutung. Das Duo schrieb und komponierte dieses wunderschöne Freiheitslied im Vorfeld der Feierlichkeiten zu 80 Jahren Freiheit im Jahr 2025. </p>
<p>Möchten Sie das Freiheitslied (Musik und Gesang) hören? Ode to Freedom kann unter anderem auf <a href="https://open.spotify.com/track/1V41Geuxa4a5el8AumGd1g?si=fc6104f98bc645b0" target="_blank" rel="noopener">Spotify</a>, <a href="https://music.apple.com/nl/album/ode-aan-de-vrijheid-feat-dennis-weelink/1785229822?i=1785229823" target="_blank" rel="noopener">Apple Music</a> und <a href="https://youtu.be/frKAUDuF5yw?si=BRRNmGk7MlZhRsNk" target="_blank" rel="noopener">YouTube</a> gehört werden. </p>
<p><strong>Fanfaren- und Harmonieorchester</strong> <strong>sowie Chöre </strong><strong>können Text und Musik kostenlos und rechtefrei herunterladen.<br />
</strong>Sie können das Freiheitslied in ihr Repertoire aufnehmen. Dabei weisen wir darauf hin, dass nicht unbedingt alle Strophen aufgeführt werden müssen. Treffen Sie gerne eine Auswahl: Was passt am besten zu Ihrer Musik- oder Gesangsgruppe?<br />
Wie schön wäre es, wenn wir gerade in diesem Jahr eine Ode an die Freiheit darbringen? Damit wir uns bewusst machen, dass Freiheit nicht selbstverständlich ist. Wir müssen die Freiheit schätzen.    </p>
<p><a href="https://www.dropbox.com/scl/fo/0xzzm405xmtwvx2q5nqu7/APtCcvpeWnRcyr_km4R4Xkw?rlkey=x9859fjua2ijziqyoii1eawg2&amp;e=2&amp;dl=0" target="_blank" rel="noopener"><span data-olk-copy-source="MessageBody">Zum Dropbox-Ordner mit allen Arrangements.</span></a></p>
<p><span data-olk-copy-source="MessageBody"><strong>Anleitung herunterladen:</strong> Wählen Sie im Ordner das Paket für Ihre Gruppe aus und klicken Sie auf Herunterladen. Du kannst den gesamten Ordner als ZIP-Datei oder einzelne Dateien herunterladen. Du kannst das erscheinende Pop-up ignorieren, indem du auf den Link &#8222;Oder einfach mit dem Download fortfahren&#8220; klickst.  </span></p>
</div></div></div><div class="fusion-layout-column fusion_builder_column fusion-builder-column-2 fusion_builder_column_1_3 1_3 fusion-flex-column" style="--awb-padding-top:70px;--awb-bg-size:cover;--awb-width-large:33.333333333333%;--awb-margin-top-large:0px;--awb-spacing-right-large:5.76%;--awb-margin-bottom-large:20px;--awb-spacing-left-large:5.76%;--awb-width-medium:33.333333333333%;--awb-order-medium:0;--awb-spacing-right-medium:5.76%;--awb-spacing-left-medium:5.76%;--awb-width-small:100%;--awb-order-small:0;--awb-spacing-right-small:1.92%;--awb-spacing-left-small:1.92%;"><div class="fusion-column-wrapper fusion-column-has-shadow fusion-flex-justify-content-flex-start fusion-content-layout-column"><div class="fusion-video fusion-youtube" style="--awb-max-width:600px;--awb-max-height:360px;--awb-margin-top:15px;--awb-margin-bottom:15px;"><div class="video-shortcode"><div class="fluid-width-video-wrapper" style="padding-top:60%;" ><iframe title="YouTube video player 1" src="https://www.youtube.com/embed/frKAUDuF5yw?wmode=transparent&autoplay=0" width="600" height="360" allowfullscreen allow="autoplay; clipboard-write; encrypted-media; gyroscope; picture-in-picture;"></iframe></div></div></div><div class="fusion-video fusion-youtube" style="--awb-max-width:600px;--awb-max-height:360px;"><div class="video-shortcode"><div class="fluid-width-video-wrapper" style="padding-top:60%;" ><iframe title="YouTube video player 2" src="https://www.youtube.com/embed/kM_P_wbMs5c?wmode=transparent&autoplay=0" width="600" height="360" allowfullscreen allow="autoplay; clipboard-write; encrypted-media; gyroscope; picture-in-picture;"></iframe></div></div></div></div></div><div class="fusion-layout-column fusion_builder_column fusion-builder-column-3 fusion_builder_column_2_3 2_3 fusion-flex-column" style="--awb-padding-top:14px;--awb-bg-size:cover;--awb-width-large:66.666666666667%;--awb-margin-top-large:0px;--awb-spacing-right-large:2.88%;--awb-margin-bottom-large:20px;--awb-spacing-left-large:2.88%;--awb-width-medium:66.666666666667%;--awb-order-medium:0;--awb-spacing-right-medium:2.88%;--awb-spacing-left-medium:2.88%;--awb-width-small:100%;--awb-order-small:0;--awb-spacing-right-small:1.92%;--awb-spacing-left-small:1.92%;"><div class="fusion-column-wrapper fusion-column-has-shadow fusion-flex-justify-content-flex-start fusion-content-layout-column"><div class="fusion-text fusion-text-2"><h4>Folgende Personen trugen zu Ode an die Freiheit bei:</h4>
<p><strong>Dennis Weelink</strong> (Keyboards, Combo und Gesangsarrangements)<br />
<strong>Irene van der Aart</strong> (Text, Gesang und musikalische Idee)<br />
<strong>Rick Wiegerinck</strong> (Mixing und Produktion)<br />
<strong>Roys Küche</strong> (Studioaufnahmen)<br />
<strong>Jonas Pap</strong> (Arrangement, Mix, Cellist/Streicher)<br />
<strong>Maarten Ouweneel</strong> (Gitarrist)<br />
<strong>Bart Soeters</strong> (Bassist)<br />
<strong>Willem Smid</strong> (Schlagzeug/Percussion)<br />
<strong>Chorvision</strong><br />
<strong>Egbert van Groningen</strong> (Arrangements, Blasorchester/Fanfare)<br />
<strong>Noalyn te Selle </strong>(Gesang)</p>
</div></div></div><div class="fusion-layout-column fusion_builder_column fusion-builder-column-4 fusion_builder_column_1_3 1_3 fusion-flex-column" style="--awb-bg-size:cover;--awb-width-large:33.333333333333%;--awb-margin-top-large:0px;--awb-spacing-right-large:5.76%;--awb-margin-bottom-large:20px;--awb-spacing-left-large:5.76%;--awb-width-medium:33.333333333333%;--awb-order-medium:0;--awb-spacing-right-medium:5.76%;--awb-spacing-left-medium:5.76%;--awb-width-small:100%;--awb-order-small:0;--awb-spacing-right-small:1.92%;--awb-spacing-left-small:1.92%;"><div class="fusion-column-wrapper fusion-column-has-shadow fusion-flex-justify-content-flex-start fusion-content-layout-column"><div class="fusion-image-element " style="--awb-margin-top:10px;--awb-caption-title-font-family:var(--h2_typography-font-family);--awb-caption-title-font-weight:var(--h2_typography-font-weight);--awb-caption-title-font-style:var(--h2_typography-font-style);--awb-caption-title-size:var(--h2_typography-font-size);--awb-caption-title-transform:var(--h2_typography-text-transform);--awb-caption-title-line-height:var(--h2_typography-line-height);--awb-caption-title-letter-spacing:var(--h2_typography-letter-spacing);"><span class=" fusion-imageframe imageframe-none imageframe-1 hover-type-none"><img decoding="async" width="459" height="174" alt="Logo Freiheit Gelderland und Grenz-Grensland" title="Logo Freiheit Gelderland und Grenz-Grensland" src="https://nationaalonderduikmuseum.nl/wp-content/uploads/2025/01/logoVrijheid-Grenzland.jpg" class="img-responsive wp-image-2981" srcset="https://nationaalonderduikmuseum.nl/wp-content/uploads/2025/01/logoVrijheid-Grenzland-200x76.jpg 200w, https://nationaalonderduikmuseum.nl/wp-content/uploads/2025/01/logoVrijheid-Grenzland-400x152.jpg 400w, https://nationaalonderduikmuseum.nl/wp-content/uploads/2025/01/logoVrijheid-Grenzland.jpg 459w" sizes="(max-width: 800px) 100vw, 459px" /></span></div><div class="fusion-text fusion-text-3"><p><em>Ode aan de Vrijheid ist Teil des Regionalprogramms Freiheit 2023–2024 in der Region Achterhoek und Liemers. Dieses grenzüberschreitende Programm trägt zu mehr Verbindung, Begegnung, Austausch über Freiheit und zur Erkenntnis bei, dass Freiheit nicht als selbstverständlich angesehen werden darf und dass jeder Freiheit weitergeben kann.  </em></p>
</div></div></div></div></div>
